{"id":181,"date":"2019-02-07T10:14:49","date_gmt":"2019-02-07T09:14:49","guid":{"rendered":"http:\/\/www.visitflaeming.com\/?page_id=181"},"modified":"2021-02-27T18:39:40","modified_gmt":"2021-02-27T17:39:40","slug":"pr-media","status":"publish","type":"page","link":"https:\/\/www.visitflaeming.com\/?page_id=181","title":{"rendered":"PR &#038; Media"},"content":{"rendered":"\n<p>Herzlichen Dank f\u00fcr Ihr Interesse an visitflaeming.com <\/p>\n\n\n\n<p style=\"text-align:center\"><a href=\"https:\/\/www.digistore24.com\/redir\/37255\/carlosair\/\" target=\"_blank\" rel=\"noreferrer noopener\" aria-label=\"Werbetexten, aber RICHTIG (\u00f6ffnet in neuem Tab)\">Werbetexten, aber RICHTIG<\/a><\/p>\n\n\n\n<h2>Warum sollten Sie mit <em>visitFl\u00e4ming<\/em>&nbsp;zusammenarbeiten?<\/h2>\n\n\n\n<p>Mit st\u00e4ndig wachsender Leserschaft sind wir ein kreativer Reise- und Lifestyleblog , der sich auf die Reise- &amp; Erlebnisregion Fl\u00e4ming konzentriert. <\/p>\n\n\n\n<p>Unsere Pr\u00e4sens in &#8222;social media&#8220; erweitert sich st\u00e4ndig, wir sind u.a. auf Facebook und Instagram aktiv.<\/p>\n\n\n\n<p>Mit unseren Artikeln m\u00f6chten wir den Fl\u00e4ming pr\u00e4sentieren,  die Leser f\u00fcr die Attraktivit\u00e4t des Fl\u00e4ming begeistern und zu Touren inspirieren. <\/p>\n\n\n\n<p>Wir leben in einer oft hektischen und stressigen Zeit und sehnen uns nach einem&nbsp;<strong>kleinen Abenteuer,  einer kurzen Auszeit, nach (kulinarischen) Gen\u00fcssen<\/strong>. Genau hier m\u00f6chten wir helfen, mit Tipps und Hinweisen zu Allem was das Leben ausmacht. <\/p>\n\n\n\n<h2>Unsere Leser interessieren sich f\u00fcr:<\/h2>\n\n\n\n<ul><li>Wandertouren \/ Radtouren <\/li><li>kulinarische Reisen &amp; Wellness<\/li><li>Naturerlebnisse und kleine Abenteuer<\/li><li>\u00dcbernachtungsm\u00f6glichkeiten<\/li><li>au\u00dfergew\u00f6hnliche Geschichten aus der Region<\/li><li>Reisen in Deutschland<\/li><\/ul>\n\n\n\n<p>Wenn Sie das Gef\u00fchl haben, dass visitFl\u00e4ming &nbsp;gut zu Ihrem&nbsp;Unternehmen passt,  freuen wir uns sehr dar\u00fcber!<\/p>\n\n\n\n<p><strong>Wie k\u00f6nnen Sie mit <em>&#8222;vistiflaeming.com&#8220;<\/em> zusammenarbeiten?<\/strong><\/p>\n\n\n\n<h3><strong>Kooperationsm\u00f6glichkeiten<\/strong><\/h3>\n\n\n\n<p>F\u00fcr Unternehmen und PR-Agenturen gibt es verschiedenen M\u00f6glichkeiten mit uns zusammenzuarbeiten.<\/p>\n\n\n\n<p>Wir nehme u.a. an Pressereisen \/ Presseveranstaltungen teil, ver\u00f6ffentlichen Advertorials, setze Kampagnen um und erstelle&nbsp;Texte, Fotos und Videos f\u00fcr Ihr Unternehmen, wobei wir \u00fcber ein sehr umfangreiches Portfolio an Luftbildern aus dem Fl\u00e4ming verf\u00fcgen. Wir sind offen f\u00fcr Ihre Kooperationsideen und entwickle auch gerne zusammen mit Ihnen neue Ideen. <\/p>\n\n\n\n<h3><strong>Pressereisen und Teilnahme an regul\u00e4ren Reisetouren<\/strong><\/h3>\n\n\n\n<p>Einladungen zu Pressereisen \/Presseveranstaltungen; die Inhalte dieser sollten interessanten Content versprechen und Mehrwert f\u00fcr  unsere Leser haben. <\/p>\n\n\n\n<h3><strong>Native Advertising&nbsp;<\/strong><strong>Advertorials<\/strong>&nbsp;und&nbsp;<strong>Instagram-Ads<\/strong><\/h3>\n\n\n\n<p>Sowohl gesponserte Artikel als auch reisebezogene Produkt Reviews&nbsp;sind m\u00f6glich, sie werden von uns gemeinsam verfasst,  mit oder ohne  Nofollow-Links ver\u00f6ffentlicht und entsprechend gekennzeichnet. Instagram-Ads werden bevorzugt mit unseren Fotos ver\u00f6ffentlicht. <br><br><\/p>\n\n\n\n<h3><strong>Partnerschaften<\/strong><\/h3>\n\n\n\n<p>Wenn Sie der Meinung sind, dass ihre Marke perfekt zu <em>\u201cvisitflaeming.com\u201d<\/em> passt, spreche wir gerne  mit Ihnen \u00fcber m\u00f6gliche langfristige Partnerschaften, mit individuellen Marketingstrategie, die neue Blickwinkel auf Ihr Produkt erm\u00f6glichen. <br><br><\/p>\n\n\n\n<h3><strong>Text-, Foto- und Videomaterial&nbsp;<\/strong><\/h3>\n\n\n\n<p>Wir bieten umfangreiches Foto &amp; Videomaterial aus dem Fl\u00e4ming. Das Portfolio reicht von Landschafts, \u00fcber Saison bis Luftaufnahmen. Gerne fertigen wir auch Fotos f\u00fcr unsere einzigartige Zusammenarbeit an. <\/p>\n\n\n\n<p>Kontaktieren Sie uns gerne bei Fragen zu Kooperationen.  Wir freuen uns auf Ihre Nachricht !<\/p>\n\n\n\n<p>info@52gn.media<\/p>\n\n\n\n<div class=\"wp-block-image\"><figure class=\"aligncenter\"><a href=\"https:\/\/www.shutterstock.com\/g\/mariohagen?rid=618166&amp;utm_medium=email&amp;utm_source=ctrbreferral-link\"><img loading=\"lazy\" width=\"315\" height=\"49\" src=\"http:\/\/www.visitflaeming.com\/wp-content\/uploads\/2019\/06\/Bildschirmfoto-2019-06-14-um-11.53.35.png\" alt=\"\" class=\"wp-image-308\" srcset=\"https:\/\/www.visitflaeming.com\/wp-content\/uploads\/2019\/06\/Bildschirmfoto-2019-06-14-um-11.53.35.png 315w, https:\/\/www.visitflaeming.com\/wp-content\/uploads\/2019\/06\/Bildschirmfoto-2019-06-14-um-11.53.35-300x47.png 300w\" sizes=\"(max-width: 315px) 100vw, 315px\" \/><\/a><\/figure><\/div>\n","protected":false},"excerpt":{"rendered":"<p>Herzlichen Dank f\u00fcr Ihr Interesse an visitflaeming.com Werbetexten, aber RICHTIG Warum sollten Sie mit visitFl\u00e4ming&nbsp;zusammenarbeiten? Mit st\u00e4ndig wachsender Leserschaft sind wir ein kreativer Reise- und Lifestyleblog , der sich auf die Reise- &amp; Erlebnisregion Fl\u00e4ming konzentriert. Unsere Pr\u00e4sens in &#8222;social media&#8220; erweitert sich st\u00e4ndig, wir sind u.a. auf Facebook und<\/p>\n","protected":false},"author":1,"featured_media":0,"parent":0,"menu_order":0,"comment_status":"closed","ping_status":"closed","template":"","meta":[],"_links":{"self":[{"href":"https:\/\/www.visitflaeming.com\/index.php?rest_route=\/wp\/v2\/pages\/181"}],"collection":[{"href":"https:\/\/www.visitflaeming.com\/index.php?rest_route=\/wp\/v2\/pages"}],"about":[{"href":"https:\/\/www.visitflaeming.com\/index.php?rest_route=\/wp\/v2\/types\/page"}],"author":[{"embeddable":true,"href":"https:\/\/www.visitflaeming.com\/index.php?rest_route=\/wp\/v2\/users\/1"}],"replies":[{"embeddable":true,"href":"https:\/\/www.visitflaeming.com\/index.php?rest_route=%2Fwp%2Fv2%2Fcomments&post=181"}],"version-history":[{"count":13,"href":"https:\/\/www.visitflaeming.com\/index.php?rest_route=\/wp\/v2\/pages\/181\/revisions"}],"predecessor-version":[{"id":501,"href":"https:\/\/www.visitflaeming.com\/index.php?rest_route=\/wp\/v2\/pages\/181\/revisions\/501"}],"wp:attachment":[{"href":"https:\/\/www.visitflaeming.com\/index.php?rest_route=%2Fwp%2Fv2%2Fmedia&parent=181"}],"curies":[{"name":"wp","href":"https:\/\/api.w.org\/{rel}","templated":true}]}}